{"id":131,"date":"2021-10-12T19:41:24","date_gmt":"2021-10-12T17:41:24","guid":{"rendered":"https:\/\/marbellachaptercom.wordpress.com\/?page_id=131"},"modified":"2021-10-12T19:41:24","modified_gmt":"2021-10-12T17:41:24","slug":"ruta-1-augusto","status":"publish","type":"page","link":"https:\/\/marbellachapter.harley-davidsonsiebla.com\/?page_id=131","title":{"rendered":"Ruta 1 augusto"},"content":{"rendered":"\n<figure class=\"wp-block-image size-large\"><img fetchpriority=\"high\" decoding=\"async\" width=\"1080\" height=\"1080\" src=\"https:\/\/marbella-chapter.com\/wp-content\/uploads\/2021\/10\/f5ad98e7-aee8-4e87-9972-511181e05430.jpeg?w=1024\" alt=\"\" class=\"wp-image-160\" srcset=\"https:\/\/marbellachapter.harley-davidsonsiebla.com\/wp-content\/uploads\/2021\/10\/f5ad98e7-aee8-4e87-9972-511181e05430.jpeg 1080w, https:\/\/marbellachapter.harley-davidsonsiebla.com\/wp-content\/uploads\/2021\/10\/f5ad98e7-aee8-4e87-9972-511181e05430-300x300.jpeg 300w, https:\/\/marbellachapter.harley-davidsonsiebla.com\/wp-content\/uploads\/2021\/10\/f5ad98e7-aee8-4e87-9972-511181e05430-1024x1024.jpeg 1024w, https:\/\/marbellachapter.harley-davidsonsiebla.com\/wp-content\/uploads\/2021\/10\/f5ad98e7-aee8-4e87-9972-511181e05430-150x150.jpeg 150w, https:\/\/marbellachapter.harley-davidsonsiebla.com\/wp-content\/uploads\/2021\/10\/f5ad98e7-aee8-4e87-9972-511181e05430-768x768.jpeg 768w\" sizes=\"(max-width: 1080px) 100vw, 1080px\" \/><\/figure>\n\n\n\n<figure class=\"wp-block-video wp-block-embed is-type-video is-provider-videopress\"><div class=\"wp-block-embed__wrapper\">\n<iframe title=\"VideoPress Video Player\" aria-label='VideoPress Video Player' width='800' height='450' src='https:\/\/video.wordpress.com\/embed\/SOIRQaII?preloadContent=metadata&amp;hd=0&amp;cover=1' frameborder='0' allowfullscreen data-resize-to-parent=\"true\" allow='clipboard-write'><\/iframe><script src='https:\/\/v0.wordpress.com\/js\/next\/videopress-iframe.js?m=1739540970'><\/script>\n<\/div><\/figure>\n\n\n<h2 class=\"wp-block-post-title\">Ruta 1 augusto<\/h2>\n\n\n<p>p\u00e1gina web en construcci\u00f3n.<br \/>se a\u00f1aden im\u00e1genes de la ruta.<\/p>\n","protected":false},"excerpt":{"rendered":"<p>p\u00e1gina web en construcci\u00f3n.se a\u00f1aden im\u00e1genes de la ruta.<\/p>\n","protected":false},"author":1,"featured_media":0,"parent":0,"menu_order":0,"comment_status":"closed","ping_status":"closed","template":"","meta":{"footnotes":""},"class_list":["post-131","page","type-page","status-publish","hentry"],"_links":{"self":[{"href":"https:\/\/marbellachapter.harley-davidsonsiebla.com\/index.php?rest_route=\/wp\/v2\/pages\/131","targetHints":{"allow":["GET"]}}],"collection":[{"href":"https:\/\/marbellachapter.harley-davidsonsiebla.com\/index.php?rest_route=\/wp\/v2\/pages"}],"about":[{"href":"https:\/\/marbellachapter.harley-davidsonsiebla.com\/index.php?rest_route=\/wp\/v2\/types\/page"}],"author":[{"embeddable":true,"href":"https:\/\/marbellachapter.harley-davidsonsiebla.com\/index.php?rest_route=\/wp\/v2\/users\/1"}],"replies":[{"embeddable":true,"href":"https:\/\/marbellachapter.harley-davidsonsiebla.com\/index.php?rest_route=%2Fwp%2Fv2%2Fcomments&post=131"}],"version-history":[{"count":0,"href":"https:\/\/marbellachapter.harley-davidsonsiebla.com\/index.php?rest_route=\/wp\/v2\/pages\/131\/revisions"}],"wp:attachment":[{"href":"https:\/\/marbellachapter.harley-davidsonsiebla.com\/index.php?rest_route=%2Fwp%2Fv2%2Fmedia&parent=131"}],"curies":[{"name":"wp","href":"https:\/\/api.w.org\/{rel}","templated":true}]}}

<figure class="wp-block-image size-large"><img fetchpriority="high" decoding="async" width="1080" height="1080" src="https://marbella-chapter.com/wp-content/uploads/2021/10/f5ad98e7-aee8-4e87-9972-511181e05430.jpeg?w=1024" alt="" class="wp-image-160" srcset="https://marbellachapter.harley-davidsonsiebla.com/wp-content/uploads/2021/10/f5ad98e7-aee8-4e87-9972-511181e05430.jpeg 1080w, https://marbellachapter.harley-davidsonsiebla.com/wp-content/uploads/2021/10/f5ad98e7-aee8-4e87-9972-511181e05430-300x300.jpeg 300w, https://marbellachapter.harley-davidsonsiebla.com/wp-content/uploads/2021/10/f5ad98e7-aee8-4e87-9972-511181e05430-1024x1024.jpeg 1024w, https://marbellachapter.harley-davidsonsiebla.com/wp-content/uploads/2021/10/f5ad98e7-aee8-4e87-9972-511181e05430-150x150.jpeg 150w, https://marbellachapter.harley-davidsonsiebla.com/wp-content/uploads/2021/10/f5ad98e7-aee8-4e87-9972-511181e05430-768x768.jpeg 768w" sizes="(max-width: 1080px) 100vw, 1080px" /></figure>



<figure class="wp-block-video wp-block-embed is-type-video is-provider-videopress"><div class="wp-block-embed__wrapper">
<iframe title="VideoPress Video Player" aria-label='VideoPress Video Player' width='800' height='450' src='https://video.wordpress.com/embed/SOIRQaII?preloadContent=metadata&amp;hd=0&amp;cover=1' frameborder='0' allowfullscreen data-resize-to-parent="true" allow='clipboard-write'></iframe><script src='https://v0.wordpress.com/js/next/videopress-iframe.js?m=1739540970'></script>
</div></figure>


<h2 class="wp-block-post-title">Ruta 1 augusto</h2>


<p>página web en construcción.<br />se añaden imágenes de la ruta.</p>

<p>página web en construcción.se añaden imágenes de la ruta.</p>
